In base 7, what is -1 + 133?
132
In base 11, what is -18329 + -1?
-1832a
In base 9, what is 50 + 44?
104
In base 7, what is 332 + 4?
336
In base 7, what is 5 + 123?
131
In base 8, what is -56 - 1?
-57
In base 9, what is 20 + 82?
112
In base 14, what is 301 + -4?
2db
In base 12, what is -2a + -3?
-31
In base 12, what is -3 + -84?
-87
In base 7, what is -1045 - -14?
-1031
In base 4, what is 1023000 + -2?
1022332
In base 5, what is 11100 - -2?
11102
In base 9, what is -28 - -5?
-23
In base 12, what is 4 - -51?
55
In base 11, what is 125 - -5?
12a
In base 3, what is -20210 - -20?
-20120
In base 3, what is -110220 + 212?
-110001
In base 13, what is 1 - 2a?
-29
In base 14, what is 3 - -1d?
22
In base 3, what is -12 + -221102?
-221121
In base 12, what is 399 + 5?
3a2
In base 4, what is 33020 + 1?
33021
In base 8, what is 1510 + 4?
1514
In base 5, what is 334 + 3?
342
In base 2, what is 1100000 + 0?
1100000
In base 5, what is 43323 - 3?
43320
In base 9, what is -202 + 13?
-178
In base 12, what is -1629 + 3?
-1626
In base 10, what is -3 - 17?
-20
In base 15, what is -151 - -4?
-14c
In base 10, what is 310 + 9?
319
In base 13, what is a5 - -2?
a7
In base 10, what is 9161 + 5?
9166
In base 5, what is 14 + -110?
-41
In base 8, what is 107 - 4?
103
In base 11, what is -373 + -1?
-374
In base 9, what is -4 - 15?
-20
In base 15, what is -47 - 154?
-19b
In base 5, what is 144 + 3?
202
In base 14, what is -bc + 0?
-bc
In base 6, what is -3 + -10255?
-10302
In base 11, what is 22 + 469?
490
In base 14, what is 4 - 12?
-c
In base 4, what is -102 + 212?
110
In base 5, what is 0 + -4302?
-4302
In base 14, what is -1855 - 4?
-1859
In base 14, what is -917 + 0?
-917
In base 14, what is 3 - 6b?
-68
In base 16, what is a - fe?
-f4
In base 2, what is -1100 + -1110?
-11010
In base 11, what is 18 + -27?
-a
In base 15, what is -86 - -1?
-85
In base 15, what is -d48 + -5?
-d4d
In base 10, what is -19 + 4?
-15
In base 9, what is 2 - 2801?
-2788
In base 13, what is 1b + 9?
27
In base 8, what is -343 - -23?
-320
In base 15, what is -2b - -30?
4
In base 12, what is 3 + -22?
-1b
In base 5, what is -4 - -102403?
102344
In base 14, what is -173 - 5?
-178
In base 4, what is -1103303 - -11?
-1103232
In base 9, what is 3 + -13?
-10
In base 7, what is 1 - -5321?
5322
In base 14, what is -2 - -177?
175
In base 5, what is 3323 - 100?
3223
In base 12, what is 5 + 6?
b
In base 11, what is 4 - -315?
319
In base 9, what is 20 - 32?
-12
In base 12, what is 2 + 1914?
1916
In base 12, what is 1 + -58?
-57
In base 6, what is 1430 + 1?
1431
In base 14, what is -261 + -4?
-265
In base 10, what is 86 + 3?
89
In base 9, what is 434 - -5?
440
In base 12, what is 419 + -a?
40b
In base 9, what is -73 + -5?
-78
In base 7, what is 1104 + 54?
1161
In base 7, what is -352 - 3?
-355
In base 9, what is -8 - 13?
-22
In base 11, what is 1 + -161?
-160
In base 6, what is 1510 + -14?
1452
In base 3, what is 2 - 11?
-2
In base 16, what is 8 - -10?
18
In base 13, what is 1b + -21?
-3
In base 3, what is -1000021 - 22?
-1000120
In base 14, what is -47b3 + 2?
-47b1
In base 12, what is 1 - 1845?
-1844
In base 12, what is 4 + -778?
-774
In base 4, what is -1 + -1301?
-1302
In base 7, what is 6342 - -16?
6361
In base 13, what is 0 + 10?
10
In base 7, what is -1 - 201?
-202
In base 9, what is 2165 - -1?
2166
In base 9, what is 1066 + -3?
1063
In base 3, what is 11 - -121110?
121121
In base 13, what is -1b - 2?
-20
In base 3, what is -121011100 - -11?
-121011012
In base 14, what is 2 - 227?
-225
In base 6, what is 230 + 212?
442
In base 3, what is 12 + 2211110?
2211122
In base 6, what is 113 + -13?
100
In base 7, what is -35 + -45?
-113
In base 7, what is 2 + -246?
-244
In base 11, what is 127 + -1?
126
In base 5, what is 4 + -2203?
-2144
In base 13, what is 0 - 83?
-83
In base 14, what is 24c + 2?
250
In base 12, what is 6 - -179?
183
In base 10, what is -23 + -8?
-31
In base 13, what is -15a - 7?
-164
In base 11, what is 1 - -112?
113
In base 6, what is 4434 + 1?
4435
In base 3, what is -11 + 120020?
120002
In base 13, what is -3 + -32?
-35
In base 16, what is -7 - -2e8?
2e1
In base 8, what is 0 - 54?
-54
In base 9, what is -5 + 3078?
3073
In base 12, what is -13 + 121?
10a
In base 9, what is 131 - -3?
134
In base 14, what is 92 - 1?
91
In base 9, what is 3 + 444?
447
In base 12, what is 1 + -2958?
-2957
In base 2, what is -1000001 - 10011110?
-11011111
In base 6, what is -2 - 0?
-2
In base 3, what is 0 - -1222?
1222
In base 8, what is 5 + -7052?
-7045
In base 8, what is 346 + -3?
343
In base 12, what is -89 + -1ab?
-278
In base 12, what is -4 - -120?
118
In base 9, what is 74 - 3?
71
In base 11, what is -554 + 3?
-551
In base 14, what is -73a + 5?
-735
In base 11, what is -37 - 353?
-38a
In base 2, what is 1 - -101011?
101100
In base 11, what is 20 - -1?
21
In base 11, what is 4 - -30?
34
In base 7, what is 124410 + 5?
124415
In base 7, what is 31 - -5025?
5056
In base 3, what is 100 + -21021?
-20221
In base 7, what is -10614 + 2?
-10612
In base 16, what is 3 + 16?
19
In base 10, what is 0 + -82?
-82
In base 7, what is -4 - 5?
-12
In base 2, what is -111 - -101001101010?
101001100011
In base 4, what is -2102120 + -10?
-2102130
In base 11, what is -2 - -71?
6a
In base 10, what is -394 + -14?
-408
In base 6, what is -2022 + 13?
-2005
In base 3, what is 11 + -20122?
-20111
In base 6, what is 5 + 13241?
13250
In base 10, what is 2179 + -2?
2177
In base 9, what is -7 + 120?
112
In base 3, what is -1001 - -111?
-120
In base 5, what is 10 - -144?
204
In base 12, what is 3 + -19?
-16
In base 5, what is 2432 + -3?
2424
In base 15, what is 4c - 51?
-4
In base 9, what is 5 + -417?
-412
In base 2, what is 10000101110 - -1?
10000101111
In base 12, what is 4 + 9?
11
In base 5, what is -2 - -11210?
11203
In base 12, what is 4bba - -5?
5003
In base 7, what is 2 - 2666?
-2664
In base 8, what is -7 + -630?
-637
In base 11, what is -8 + -28?
-35
In base 11, what is -5 + 566?
561
In base 8, what is 5 - -1?
6
In base 2, what is 101 + -11011?
-10110
In base 11, what is 36 + 10?
46
In base 16, what is 5 + -99?
-94
In base 14, what is 1c6 + -a?
1ba
In base 5, what is 110134 + 1?
110140
In base 3, what is 10211 + 0?
10211
In base 12, what is -1 + -1b?
-20
In base 2, what is -1000111 + -10001?
-1011000
In base 15, what is -4 - cc?
-d1
In base 5, what is -3133110 - 4?
-3133114
In base 6, what is -55 - -1?
-54
In base 8, what is -51 - -13?
-36
In base 13, what is -2a - -1?
-29
In base 5, what is -2 + -2123?
-2130
In base 10, what is -2 - -6717?
6715
In base 12, what is -1 - -7?
6
In base 8, what is -4 + 4775?
4771
In base 12, what is 3 - -2a?
31
In base 8, what is 6654 + 2?
6656
In base 3, what is 10220 - -11?
11001
In base 7, what is 135 + -11?
124
In base 16, what is -9 + 4?
-5
In base 8, what is 10 - 1700?
-1670
In base 10, what is 17211 + 4?
17215
In base 15, what is -48b + 5?
-486
In base 10, what is -6 + -510?
-516
In base 3, what is -201010 - 1?
-201011
In base 3, what is -21201 + -211?
-22112
In base 5, what is 3 - -144?
202
In base 7, what is 16 - 0?
16
In base 16, what is 7 - -16?
1d
In base 11, what is -1 + 11?
10
In base 4, what is 22110 + 3?
22113
In base 16, what is -1b + 2?
-19
In base 10, what is -12 - 0?
-12
In base 9, what is 36 + -4?
32
In base 16, what is -7 + -37?
-3e
In base 8, what is 7 + 17?
26
In base 5, what is -23 - 101?
-124
In base 15, what is -238b - -4?
-2387
In base 4, what is 10 - -1212?
1222
In base 15, what is 9 - -48?
52
In base 2, what is 1101 + -100011?
-10110
In base 4, what is -1001 - -22?
-313
In base 4, what is 100 - 1112?
-1012
In base 13, what is -59 - 40?
-99
In base 10, what is -162 + -16?
-178
In base 9, what is -5 - 146?
-152
In base 12, what is -4 - -1028?
1024
In base 6, what is -340 - -24?
-312
In base 10, what is -2 + 61?
59
In base 16, what is -5 + -41?
-46
In base 15, what is -19e + 3?
-19b
In base 4, what is 32 + 1?
33
In base 10, what is 9 + 150?
159
In base 4, what is 122010 + -11?
121333
In base 12, what is 0 + 733?
733
In base 14, what is 1472 - -5?
1477
In base 11, what is -101 + 1?
-100
In base 4, what is 20 - -203?
223
In base 14, what is 1 + a7?
a8
In base 14, what is -8b - -72?
-19
In base 3, what is 1102111 - 11?
1102100
In base 2, what is 11100000011 - -1001?
11100001100
In 